{"id":27,"date":"2011-01-03T09:32:39","date_gmt":"2011-01-03T09:32:39","guid":{"rendered":"http:\/\/www.photodelta.info\/?page_id=27"},"modified":"2022-12-19T11:26:20","modified_gmt":"2022-12-19T11:26:20","slug":"unser-start","status":"publish","type":"page","link":"https:\/\/www.photodelta.de\/?page_id=27","title":{"rendered":"Unser&nbsp;Start"},"content":{"rendered":"<p><img loading=\"lazy\" decoding=\"async\" class=\"alignright  wp-image-85\" title=\"Start\" alt=\"\" src=\"http:\/\/www.photodelta.de\/wp-content\/uploads\/2011\/01\/Start.png\" width=\"350\" height=\"234\" srcset=\"https:\/\/www.photodelta.de\/wp-content\/uploads\/2011\/01\/Start.png 350w, https:\/\/www.photodelta.de\/wp-content\/uploads\/2011\/01\/Start-300x200.png 300w\" sizes=\"auto, (max-width: 350px) 100vw, 350px\" \/>Wir suchen Grafiker, die an exklusiven Bildmaterial interessiert sind. Zun\u00e4chst m\u00fcssen wir aber eine Bilddatenbank aufbauen. Daf\u00fcr suchen wir Fotografen, die mit uns zusammenarbeiten wollen und die eine weitere Vermarktung ihres Materials anstreben.<\/p>\n<p>Am Anfang wird es ein paar Monate geben, in denen wir erst einmal ein gewisses Portofolio aufbauen m\u00fcssen. Ohne eine gewisse Auswahl sind wir f\u00fcr Grafiker langweilig. Wir brauchen schon ein paar Asse. Um diese Startphase f\u00fcr Fotografen interessant zu machen, zahlen wir ihnen mehr Prozente als \u00fcblich. Pro Monat, den ein Bild vor dem eigentlichen Start bei uns eingestellt ist, erh\u00e4lt der Fotograf 5% zus\u00e4tzlich zu seiner \u00fcblichen Provision von 50%. Das gilt f\u00fcr maximal 6 Monate. So kann ein Bild dem Fotografen bis zu 80% des Verkaufspreises bringen.<\/p>\n<p>Wir halten dies f\u00fcr fair, schlie\u00dflich stellt der Fotograf uns am Anfang Material zur Verf\u00fcgung, mit dem wir erst sp\u00e4ter online gehen. Wenn Sie Fotograf sind und unseren Start nicht verpassen m\u00f6chten, melden Sie sich bei uns. Wir schreiben alle uns bekannten Fotografen an, sobald wir die M\u00f6glichkeit bieten, in die Bilddatenbank einzustellen. Je fr\u00fcher ein Fotograf einstellt, um so h\u00f6her wird sein Anteil am Verkaufspreis sein. Dies gilt nat\u00fcrlich zeitlich unbegrenzt.<\/p>\n<p>Wir arbeiten ausschlie\u00dflich auf Provisionsbasis. Wer bei uns einstellt, bezahlt daf\u00fcr nichts. Wir werden nur am Verkauf der Bilder beteiligt. Nat\u00fcrlich haben wir Kosten, die wir vorfinanzieren. Eine Provision von 20%- 50% halten wir f\u00fcr gerechtfertigt.<\/p>\n<p>Wir nehmen die Bilder wie eine Galerie als Kommissionsware an und stellen sie auf unserer Internetplattform f\u00fcr drei Jahre aus. Ist das Bild bis dahin nicht verkauft, kann der Fotograf sich entscheiden, ob er einen anderen Vermarktungsweg w\u00e4hlt oder es weiter bei uns l\u00e4sst.<\/p>\n","protected":false},"excerpt":{"rendered":"<p>Wir suchen Grafiker, die an exklusiven Bildmaterial interessiert sind. Zun\u00e4chst m\u00fcssen wir aber eine Bilddatenbank aufbauen. Daf\u00fcr suchen wir Fotografen, die mit uns zusammenarbeiten wollen und die eine weitere Vermarktung ihres Materials anstreben. Am Anfang wird es ein paar Monate geben, in denen wir erst einmal ein gewisses Portofolio aufbauen m\u00fcssen. Ohne eine gewisse Auswahl [&hellip;]<\/p>\n","protected":false},"author":1,"featured_media":0,"parent":0,"menu_order":0,"comment_status":"closed","ping_status":"closed","template":"","meta":{"footnotes":""},"class_list":["post-27","page","type-page","status-publish","hentry"],"_links":{"self":[{"href":"https:\/\/www.photodelta.de\/index.php?rest_route=\/wp\/v2\/pages\/27","targetHints":{"allow":["GET"]}}],"collection":[{"href":"https:\/\/www.photodelta.de\/index.php?rest_route=\/wp\/v2\/pages"}],"about":[{"href":"https:\/\/www.photodelta.de\/index.php?rest_route=\/wp\/v2\/types\/page"}],"author":[{"embeddable":true,"href":"https:\/\/www.photodelta.de\/index.php?rest_route=\/wp\/v2\/users\/1"}],"replies":[{"embeddable":true,"href":"https:\/\/www.photodelta.de\/index.php?rest_route=%2Fwp%2Fv2%2Fcomments&post=27"}],"version-history":[{"count":7,"href":"https:\/\/www.photodelta.de\/index.php?rest_route=\/wp\/v2\/pages\/27\/revisions"}],"predecessor-version":[{"id":176,"href":"https:\/\/www.photodelta.de\/index.php?rest_route=\/wp\/v2\/pages\/27\/revisions\/176"}],"wp:attachment":[{"href":"https:\/\/www.photodelta.de\/index.php?rest_route=%2Fwp%2Fv2%2Fmedia&parent=27"}],"curies":[{"name":"wp","href":"https:\/\/api.w.org\/{rel}","templated":true}]}}