{"id":22,"date":"2011-01-03T09:31:32","date_gmt":"2011-01-03T09:31:32","guid":{"rendered":"http:\/\/www.photodelta.info\/?page_id=22"},"modified":"2014-04-08T15:07:27","modified_gmt":"2014-04-08T15:07:27","slug":"das-preismodell","status":"publish","type":"page","link":"https:\/\/www.photodelta.de\/?page_id=22","title":{"rendered":"Das&nbsp;Preismodell"},"content":{"rendered":"<p>Wenn man miteinander handelt, sollte es fair zugehen. <img loading=\"lazy\" decoding=\"async\" class=\"alignright  wp-image-70\" title=\"Preismodell\" alt=\"Preismodell\" src=\"http:\/\/www.photodelta.de\/wp-content\/uploads\/2011\/01\/Preismodell.png\" width=\"350\" height=\"350\" srcset=\"https:\/\/www.photodelta.de\/wp-content\/uploads\/2011\/01\/Preismodell.png 350w, https:\/\/www.photodelta.de\/wp-content\/uploads\/2011\/01\/Preismodell-150x150.png 150w, https:\/\/www.photodelta.de\/wp-content\/uploads\/2011\/01\/Preismodell-300x300.png 300w\" sizes=\"auto, (max-width: 350px) 100vw, 350px\" \/>Wer sich unfair behandelt f\u00fchlt, wird l\u00e4ngerfristig gesehen nicht gerne mitmachen. Wir haben uns lange Gedanken \u00fcber eine faire Preisgestaltung bei PhotoDelta gemacht und mit vielen Fotografen und Grafikern dar\u00fcber gesprochen. Wir sind zu folgendem Preismodell gekommen.<\/p>\n<p>Die Fotos werden nach den folgenden zwei Kriterien beurteilt:<br \/>\n1. Ist mit der Herstellung der Fotografie ein besonderer Aufwand verbunden gewesen?<br \/>\n(Studioanmietung, Lichtanlage, Models, Maske, Helfer bei Outdoorshootings etc.)<br \/>\n2. Hat das Bild eine besondere Bildaussage?<br \/>\n(besonders witzig, genial, spritzig, verbl\u00fcffend, etc.)<\/p>\n<p>Erf\u00fcllt eine Fotografie keines dieser beiden Kriterien, ist es also zum Beispiel ein Schnappschuss eines Geb\u00e4udes an der Stra\u00dfe, ist es automatisch in der untersten Preiskategorie\u00a0A.<br \/>\nErf\u00fcllt es eines der beiden genannten besonderen Kriterien, also besonderer Aufwand oder besondere Bildaussage, ist das Bild in der Preiskategorie\u00a0B.<br \/>\nErf\u00fcllt es sogar beide Kriterien, war also der Aufwand besonders und ist auch die Aussage besonders, so passt das Bild in die Preiskategorie\u00a0C.<\/p>\n<p>Mit dieser Gestaltung innerhalb der Preise wollen wir ber\u00fccksichtigen, dass die Herstellung eines Fotos unterschiedlichen Aufwand erfordert und es auch ein gl\u00fcckliches k\u00fcnstlerisches H\u00e4ndchen braucht, besondere Momente einzufangen. Beides muss sich auch im Preis widerspiegeln.<\/p>\n<p>Die Preise sind in den Kategorien wie folgt gestaffelt:<\/p>\n<p>Preiskategorie\u00a0A\u00a0\u00a0\u00a0\u00a0=\u00a0\u00a0\u00a0\u00a0200,- Euro<br \/>\nPreiskategorie\u00a0B\u00a0\u00a0\u00a0\u00a0=\u00a0\u00a0\u00a0\u00a0300,- Euro<br \/>\nPreiskategorie\u00a0C\u00a0\u00a0\u00a0\u00a0=\u00a0\u00a0\u00a0\u00a0400,- Euro<\/p>\n<p>Dies sind Nettopreise. Hinzu kommt die gesetzliche Mehrwertsteuer. F\u00fcr Vorsteuerabzugsberechtigte ist dies allerdings nur ein durchlaufender Posten.<\/p>\n<p>Die Verkaufspreise zwischen 200,- und 400,- Euro liegen unter dem, was man in der Stockfotografie als Grafiker zahlt. Schon f\u00fcr kleine Nutzungen liegt man meistens dar\u00fcber, ohne die gekaufte Lizenz exklusiv zu haben. Die Fotografen erhalten bei uns vom Verkaufspreis mindestens 50%, also Honorarpreise zwischen 100,- und 200,- Euro. Das ist deutlich mehr, als sie im Bereich der Stockfotografie f\u00fcr ein verkauftes Bild erhalten.<br \/>\nDie Preise sind nat\u00fcrlich h\u00f6her, als sie bei Billiganbietern im Royalty-Free-Markt angeboten werden. Daf\u00fcr verkauft der Fotograf sie aber nicht hundert Mal, sondern nur genau einmal: exklusiv. Das muss sich im Preis ausdr\u00fccken. Wir m\u00f6chten keinen Fotografen dazu einladen, sein Material zu verschleudern.<\/p>\n","protected":false},"excerpt":{"rendered":"<p>Wenn man miteinander handelt, sollte es fair zugehen. Wer sich unfair behandelt f\u00fchlt, wird l\u00e4ngerfristig gesehen nicht gerne mitmachen. Wir haben uns lange Gedanken \u00fcber eine faire Preisgestaltung bei PhotoDelta gemacht und mit vielen Fotografen und Grafikern dar\u00fcber gesprochen. Wir sind zu folgendem Preismodell gekommen. Die Fotos werden nach den folgenden zwei Kriterien beurteilt: 1. [&hellip;]<\/p>\n","protected":false},"author":1,"featured_media":0,"parent":0,"menu_order":0,"comment_status":"closed","ping_status":"closed","template":"","meta":{"footnotes":""},"class_list":["post-22","page","type-page","status-publish","hentry"],"_links":{"self":[{"href":"https:\/\/www.photodelta.de\/index.php?rest_route=\/wp\/v2\/pages\/22","targetHints":{"allow":["GET"]}}],"collection":[{"href":"https:\/\/www.photodelta.de\/index.php?rest_route=\/wp\/v2\/pages"}],"about":[{"href":"https:\/\/www.photodelta.de\/index.php?rest_route=\/wp\/v2\/types\/page"}],"author":[{"embeddable":true,"href":"https:\/\/www.photodelta.de\/index.php?rest_route=\/wp\/v2\/users\/1"}],"replies":[{"embeddable":true,"href":"https:\/\/www.photodelta.de\/index.php?rest_route=%2Fwp%2Fv2%2Fcomments&post=22"}],"version-history":[{"count":6,"href":"https:\/\/www.photodelta.de\/index.php?rest_route=\/wp\/v2\/pages\/22\/revisions"}],"predecessor-version":[{"id":161,"href":"https:\/\/www.photodelta.de\/index.php?rest_route=\/wp\/v2\/pages\/22\/revisions\/161"}],"wp:attachment":[{"href":"https:\/\/www.photodelta.de\/index.php?rest_route=%2Fwp%2Fv2%2Fmedia&parent=22"}],"curies":[{"name":"wp","href":"https:\/\/api.w.org\/{rel}","templated":true}]}}